and 23368574?
17
What is the highest common divisor of 82 and 2211084408?
82
What is the greatest common factor of 1232 and 6687472?
176
Calculate the greatest common divisor of 10612747 and 74.
37
Calculate the greatest common divisor of 1185 and 4142839.
79
What is the highest common factor of 5347293 and 759?
69
Calculate the greatest common factor of 1137319 and 5579.
797
Calculate the highest common divisor of 8044773 and 594.
33
What is the highest common factor of 129571315 and 45?
5
Calculate the highest common divisor of 17733935 and 785.
785
What is the highest common factor of 22434386 and 598?
26
Calculate the highest common divisor of 123228 and 16716.
84
What is the highest common factor of 32135365 and 95?
95
What is the highest common factor of 1350 and 715950?
450
Calculate the highest common divisor of 19070632 and 6496.
1624
Calculate the highest common divisor of 2775 and 5570025.
75
What is the greatest common factor of 13576254 and 2832?
354
What is the greatest common factor of 4033936 and 8692?
212
What is the highest common divisor of 904944 and 136272?
816
What is the highest common factor of 49418103 and 105?
21
What is the highest common divisor of 1488 and 4389449712?
1488
Calculate the highest common factor of 410 and 16717955.
205
Calculate the highest common divisor of 1674 and 10637898.
186
What is the highest common divisor of 33698 and 7739172?
406
What is the highest common divisor of 104 and 2521?
1
What is the greatest common divisor of 5127 and 230933752?
1709
What is the greatest common factor of 1568 and 35171416?
392
What is the highest common divisor of 6069837 and 939722?
9589
Calculate the highest common divisor of 529883 and 9.
1
What is the greatest common factor of 39123 and 72036621?
5589
Calculate the highest common factor of 138397 and 21398037.
1163
What is the greatest common factor of 368862 and 3029?
13
What is the highest common divisor of 185 and 10262246?
37
What is the highest common factor of 52164216 and 9?
9
Calculate the greatest common factor of 98017081 and 86.
43
Calculate the highest common factor of 10946936 and 304304.
8008
Calculate the highest common factor of 7684040 and 34580.
1820
Calculate the greatest common divisor of 4395450 and 1225.
25
Calculate the highest common factor of 3256 and 359862.
74
Calculate the greatest common divisor of 83058160 and 80.
80
What is the greatest common factor of 697016 and 195026?
1154
What is the greatest common divisor of 2088 and 8984?
8
Calculate the highest common divisor of 1212 and 1693366.
202
What is the highest common divisor of 1252338 and 31?
31
What is the greatest common factor of 62934 and 92446?
34
Calculate the greatest common factor of 183 and 24945340.
61
What is the greatest common divisor of 206 and 448172982?
206
What is the highest common divisor of 121800 and 3379225?
725
Calculate the greatest common divisor of 294 and 14971530.
42
What is the greatest common factor of 13140 and 7587620?
1460
What is the greatest common factor of 126690 and 15702?
6
Calculate the greatest common factor of 245900 and 2440.
20
Calculate the greatest common factor of 13480 and 690176.
2696
What is the greatest common factor of 225 and 7138053?
9
Calculate the highest common divisor of 128743 and 17701.
31
Calculate the highest common factor of 31790370 and 2070.
690
Calculate the greatest common divisor of 387496146 and 12.
6
What is the greatest common factor of 336 and 8764784?
112
Calculate the highest common divisor of 41100 and 554100.
300
Calculate the highest common factor of 36846 and 3461454.
414
What is the highest common factor of 92346130 and 15?
5
What is the greatest common divisor of 4324 and 326416?
92
Calculate the greatest common factor of 315 and 1627017.
21
What is the highest common factor of 873 and 189056589?
291
What is the highest common factor of 123426655 and 341?
341
What is the highest common divisor of 2133271 and 17507?
287
Calculate the highest common factor of 3633690 and 1020.
30
What is the greatest common divisor of 23269039 and 8905?
137
What is the greatest common divisor of 924 and 4295148?
132
Calculate the greatest common divisor of 10 and 11627510.
10
Calculate the greatest common factor of 295051 and 106.
53
Calculate the highest common factor of 29133 and 1244295.
351
What is the greatest common divisor of 19104 and 382944?
96
Calculate the greatest common factor of 17119080 and 1122.
66
What is the highest common factor of 177 and 339127811?
59
What is the greatest common factor of 12647262 and 6?
6
What is the highest common divisor of 24 and 177565572?
12
What is the greatest common divisor of 2 and 88542082?
2
What is the greatest common divisor of 87498 and 86049?
9
Calculate the greatest common divisor of 335327230 and 14.
14
What is the highest common divisor of 689 and 1450489001?
689
Calculate the highest common factor of 16349396 and 193228.
2884
Calculate the highest common divisor of 3376320 and 4320.
480
Calculate the greatest common divisor of 66222 and 1057446.
234
What is the greatest common divisor of 17 and 159830753?
17
Calculate the highest common divisor of 1484754 and 564.
6
What is the greatest common factor of 4037426 and 2?
2
Calculate the greatest common factor of 331946 and 6456.
538
What is the highest common factor of 41265544 and 16?
8
What is the greatest common divisor of 89 and 65692769?
89
What is the greatest common divisor of 32 and 338707240?
8
What is the greatest common divisor of 57 and 3892739?
19
Calculate the highest common factor of 104272 and 17521.
7
What is the greatest common divisor of 4216 and 28240876?
2108
Calculate the highest common factor of 17 and 31553683.
17
Calculate the greatest common divisor of 11514475 and 1325.
25
Calculate the greatest common divisor of 15424 and 34905476.
964
Calculate the greatest common factor of 130553104 and 912.
304
What is the greatest common divisor of 1478 and 215458406?
1478
What is the highest common factor of 63979800 and 2400?
600
Calculate the highest common divisor of 13567172 and 3424.
428
What is the greatest common divisor of 372496215 and 21105?
7035
Calculate the highest common factor of 163 and 962593403.
163
What is the greatest common divisor of 138421465 and 35?
35
Calculate the highest common divisor of 616536500 and 500.
500
Calculate the greatest common factor of 742130 and 39245.
235
Calculate the greatest common factor of 10295621 and 11872.
371
What is the greatest common factor of 141 and 30489?
3
What is the greatest common factor of 2016317 and 27729?
79
What is the greatest common factor of 1432676000 and 12768?
4256
What is the highest common divisor of 2278 and 7425208?
134
Calculate the highest common divisor of 77366 and 10502626.
766
Calculate the highest common factor of 7364 and 109672.
4
What is the greatest common factor of 1664163847 and 68?
17
Calculate the greatest common divisor of 335888 and 2800.
112
Calculate the greatest common factor of 360 and 219882870.
90
What is the highest common divisor of 625 and 24415975?
25
What is the greatest common divisor of 387255 and 100921?
2347
What is the greatest common divisor of 77911110 and 2610?
2610
What is the highest common divisor of 574 and 8764570?
82
Calculate the highest common factor of 98695500 and 570.
570
Calculate the greatest common factor of 603946 and 42.
14
Calculate the highest common factor of 205 and 121341386.
41
Calculate the highest common factor of 300278 and 1936.
22
What is the greatest common factor of 594 and 11221628?
22
What is the highest common divisor of 13482 and 161406?
126
Calculate the highest common factor of 92616860 and 420.
140
What is the greatest common divisor of 1633314 and 685?
137
Calculate the highest common factor of 7358848 and 35840.
896
Calculate the greatest common divisor of 1037913 and 181173.
393
Calculate the greatest common divisor of 775386 and 13446.
4482
What is the greatest common factor of 366448 and 1258?
74
Calculate the highest common factor of 3378 and 136171121.
563
Calculate the greatest common divisor of 9904 and 8944.
16
What is the greatest common divisor of 9 and 42906927?
3
Calculate the highest common factor of 9046110 and 802683.
12741
Wh